{"id":8538,"date":"2025-01-17T14:44:59","date_gmt":"2025-01-17T14:44:59","guid":{"rendered":"https:\/\/themestate.com\/demo\/citygov\/downtown\/?page_id=8538"},"modified":"2025-11-30T22:44:23","modified_gmt":"2025-11-30T22:44:23","slug":"home","status":"publish","type":"page","link":"https:\/\/www.soluchape.fr\/","title":{"rendered":"Home"},"content":{"rendered":"\t\t<div data-elementor-type=\"wp-page\" data-elementor-id=\"8538\" class=\"elementor elementor-8538\">\n\t\t\t\t<div class=\"elementor-element elementor-element-68e645d5 e-flex e-con-boxed e-con e-parent\" data-id=\"68e645d5\" data-element_type=\"container\" data-settings=\"{&quot;background_background&quot;:&quot;classic&quot;,&quot;shape_divider_top&quot;:&quot;tilt&quot;}\">\n\t\t\t\t\t<div class=\"e-con-inner\">\n\t\t\t\t<div class=\"elementor-shape elementor-shape-top\" aria-hidden=\"true\" data-negative=\"false\">\n\t\t\t<svg xmlns=\"http:\/\/www.w3.org\/2000\/svg\" viewBox=\"0 0 1000 100\" preserveAspectRatio=\"none\">\n\t<path class=\"elementor-shape-fill\" d=\"M0,6V0h1000v100L0,6z\"\/>\n<\/svg>\t\t<\/div>\n\t\t<div class=\"elementor-element elementor-element-4332fc6 e-con-full elementor-hidden-tablet elementor-hidden-mobile e-flex e-con e-child\" data-id=\"4332fc6\" data-element_type=\"container\">\n\t\t\t\t<div class=\"elementor-element elementor-element-cc741c2 elementor-widget elementor-widget-image-gallery\" data-id=\"cc741c2\" data-element_type=\"widget\" data-widget_type=\"image-gallery.default\">\n\t\t\t\t\t\t\t<div class=\"elementor-image-gallery\">\n\t\t\t<div id='gallery-1' class='gallery galleryid-8538 gallery-columns-4 gallery-size-thumbnail'><figure class='gallery-item'>\n\t\t\t<div class='gallery-icon landscape'>\n\t\t\t\t<a data-elementor-open-lightbox=\"yes\" data-elementor-lightbox-slideshow=\"cc741c2\" data-elementor-lightbox-title=\"12-d7a5e94b-1920w\" data-e-action-hash=\"#elementor-action%3Aaction%3Dlightbox%26settings%3DeyJpZCI6OTI3MSwidXJsIjoiaHR0cDpcL1wvd3d3LnNvbHVjaGFwZS5mclwvd3AtY29udGVudFwvdXBsb2Fkc1wvMjAyNVwvMTFcLzEyLWQ3YTVlOTRiLTE5MjB3LmpwZyIsInNsaWRlc2hvdyI6ImNjNzQxYzIifQ%3D%3D\" href='http:\/\/www.soluchape.fr\/wp-content\/uploads\/2025\/11\/12-d7a5e94b-1920w.jpg'><img decoding=\"async\" width=\"150\" height=\"150\" src=\"http:\/\/www.soluchape.fr\/wp-content\/uploads\/2025\/11\/12-d7a5e94b-1920w-150x150.jpg\" class=\"attachment-thumbnail size-thumbnail\" alt=\"\" \/><\/a>\n\t\t\t<\/div><\/figure><figure class='gallery-item'>\n\t\t\t<div class='gallery-icon landscape'>\n\t\t\t\t<a data-elementor-open-lightbox=\"yes\" data-elementor-lightbox-slideshow=\"cc741c2\" data-elementor-lightbox-title=\"13-1920w\" data-e-action-hash=\"#elementor-action%3Aaction%3Dlightbox%26settings%3DeyJpZCI6OTI3MiwidXJsIjoiaHR0cDpcL1wvd3d3LnNvbHVjaGFwZS5mclwvd3AtY29udGVudFwvdXBsb2Fkc1wvMjAyNVwvMTFcLzEzLTE5MjB3LmpwZyIsInNsaWRlc2hvdyI6ImNjNzQxYzIifQ%3D%3D\" href='http:\/\/www.soluchape.fr\/wp-content\/uploads\/2025\/11\/13-1920w.jpg'><img decoding=\"async\" width=\"150\" height=\"150\" src=\"http:\/\/www.soluchape.fr\/wp-content\/uploads\/2025\/11\/13-1920w-150x150.jpg\" class=\"attachment-thumbnail size-thumbnail\" alt=\"\" \/><\/a>\n\t\t\t<\/div><\/figure><figure class='gallery-item'>\n\t\t\t<div class='gallery-icon landscape'>\n\t\t\t\t<a data-elementor-open-lightbox=\"yes\" data-elementor-lightbox-slideshow=\"cc741c2\" data-elementor-lightbox-title=\"15-1920w\" data-e-action-hash=\"#elementor-action%3Aaction%3Dlightbox%26settings%3DeyJpZCI6OTI3MywidXJsIjoiaHR0cDpcL1wvd3d3LnNvbHVjaGFwZS5mclwvd3AtY29udGVudFwvdXBsb2Fkc1wvMjAyNVwvMTFcLzE1LTE5MjB3LmpwZyIsInNsaWRlc2hvdyI6ImNjNzQxYzIifQ%3D%3D\" href='http:\/\/www.soluchape.fr\/wp-content\/uploads\/2025\/11\/15-1920w.jpg'><img decoding=\"async\" width=\"150\" height=\"150\" src=\"http:\/\/www.soluchape.fr\/wp-content\/uploads\/2025\/11\/15-1920w-150x150.jpg\" class=\"attachment-thumbnail size-thumbnail\" alt=\"\" \/><\/a>\n\t\t\t<\/div><\/figure><figure class='gallery-item'>\n\t\t\t<div class='gallery-icon landscape'>\n\t\t\t\t<a data-elementor-open-lightbox=\"yes\" data-elementor-lightbox-slideshow=\"cc741c2\" data-elementor-lightbox-title=\"21-1920w\" data-e-action-hash=\"#elementor-action%3Aaction%3Dlightbox%26settings%3DeyJpZCI6OTI3NSwidXJsIjoiaHR0cDpcL1wvd3d3LnNvbHVjaGFwZS5mclwvd3AtY29udGVudFwvdXBsb2Fkc1wvMjAyNVwvMTFcLzIxLTE5MjB3LmpwZyIsInNsaWRlc2hvdyI6ImNjNzQxYzIifQ%3D%3D\" href='http:\/\/www.soluchape.fr\/wp-content\/uploads\/2025\/11\/21-1920w.jpg'><img loading=\"lazy\" decoding=\"async\" width=\"150\" height=\"150\" src=\"http:\/\/www.soluchape.fr\/wp-content\/uploads\/2025\/11\/21-1920w-150x150.jpg\" class=\"attachment-thumbnail size-thumbnail\" alt=\"\" \/><\/a>\n\t\t\t<\/div><\/figure><figure class='gallery-item'>\n\t\t\t<div class='gallery-icon landscape'>\n\t\t\t\t<a data-elementor-open-lightbox=\"yes\" data-elementor-lightbox-slideshow=\"cc741c2\" data-elementor-lightbox-title=\"22-1920w\" data-e-action-hash=\"#elementor-action%3Aaction%3Dlightbox%26settings%3DeyJpZCI6OTI3NiwidXJsIjoiaHR0cDpcL1wvd3d3LnNvbHVjaGFwZS5mclwvd3AtY29udGVudFwvdXBsb2Fkc1wvMjAyNVwvMTFcLzIyLTE5MjB3LmpwZyIsInNsaWRlc2hvdyI6ImNjNzQxYzIifQ%3D%3D\" href='http:\/\/www.soluchape.fr\/wp-content\/uploads\/2025\/11\/22-1920w.jpg'><img loading=\"lazy\" decoding=\"async\" width=\"150\" height=\"150\" src=\"http:\/\/www.soluchape.fr\/wp-content\/uploads\/2025\/11\/22-1920w-150x150.jpg\" class=\"attachment-thumbnail size-thumbnail\" alt=\"\" \/><\/a>\n\t\t\t<\/div><\/figure><figure class='gallery-item'>\n\t\t\t<div class='gallery-icon landscape'>\n\t\t\t\t<a data-elementor-open-lightbox=\"yes\" data-elementor-lightbox-slideshow=\"cc741c2\" data-elementor-lightbox-title=\"23-1920w\" data-e-action-hash=\"#elementor-action%3Aaction%3Dlightbox%26settings%3DeyJpZCI6OTI3NywidXJsIjoiaHR0cDpcL1wvd3d3LnNvbHVjaGFwZS5mclwvd3AtY29udGVudFwvdXBsb2Fkc1wvMjAyNVwvMTFcLzIzLTE5MjB3LmpwZyIsInNsaWRlc2hvdyI6ImNjNzQxYzIifQ%3D%3D\" href='http:\/\/www.soluchape.fr\/wp-content\/uploads\/2025\/11\/23-1920w.jpg'><img loading=\"lazy\" decoding=\"async\" width=\"150\" height=\"150\" src=\"http:\/\/www.soluchape.fr\/wp-content\/uploads\/2025\/11\/23-1920w-150x150.jpg\" class=\"attachment-thumbnail size-thumbnail\" alt=\"\" \/><\/a>\n\t\t\t<\/div><\/figure><figure class='gallery-item'>\n\t\t\t<div class='gallery-icon landscape'>\n\t\t\t\t<a data-elementor-open-lightbox=\"yes\" data-elementor-lightbox-slideshow=\"cc741c2\" data-elementor-lightbox-title=\"31-1920w\" data-e-action-hash=\"#elementor-action%3Aaction%3Dlightbox%26settings%3DeyJpZCI6OTI3OCwidXJsIjoiaHR0cDpcL1wvd3d3LnNvbHVjaGFwZS5mclwvd3AtY29udGVudFwvdXBsb2Fkc1wvMjAyNVwvMTFcLzMxLTE5MjB3LmpwZyIsInNsaWRlc2hvdyI6ImNjNzQxYzIifQ%3D%3D\" href='http:\/\/www.soluchape.fr\/wp-content\/uploads\/2025\/11\/31-1920w.jpg'><img loading=\"lazy\" decoding=\"async\" width=\"150\" height=\"150\" src=\"http:\/\/www.soluchape.fr\/wp-content\/uploads\/2025\/11\/31-1920w-150x150.jpg\" class=\"attachment-thumbnail size-thumbnail\" alt=\"\" \/><\/a>\n\t\t\t<\/div><\/figure><figure class='gallery-item'>\n\t\t\t<div class='gallery-icon landscape'>\n\t\t\t\t<a data-elementor-open-lightbox=\"yes\" data-elementor-lightbox-slideshow=\"cc741c2\" data-elementor-lightbox-title=\"35-1920w\" data-e-action-hash=\"#elementor-action%3Aaction%3Dlightbox%26settings%3DeyJpZCI6OTI4MCwidXJsIjoiaHR0cDpcL1wvd3d3LnNvbHVjaGFwZS5mclwvd3AtY29udGVudFwvdXBsb2Fkc1wvMjAyNVwvMTFcLzM1LTE5MjB3LmpwZyIsInNsaWRlc2hvdyI6ImNjNzQxYzIifQ%3D%3D\" href='http:\/\/www.soluchape.fr\/wp-content\/uploads\/2025\/11\/35-1920w.jpg'><img loading=\"lazy\" decoding=\"async\" width=\"150\" height=\"150\" src=\"http:\/\/www.soluchape.fr\/wp-content\/uploads\/2025\/11\/35-1920w-150x150.jpg\" class=\"attachment-thumbnail size-thumbnail\" alt=\"\" \/><\/a>\n\t\t\t<\/div><\/figure>\n\t\t<\/div>\n\t\t<\/div>\n\t\t\t\t\t\t<\/div>\n\t\t\t\t<\/div>\n\t\t<div class=\"elementor-element elementor-element-7f8bf421 e-con-full e-flex e-con e-child\" data-id=\"7f8bf421\" data-element_type=\"container\">\n\t\t\t\t<div class=\"elementor-element elementor-element-20ff4758 elementor-widget elementor-widget-heading\" data-id=\"20ff4758\" data-element_type=\"widget\" data-widget_type=\"heading.default\">\n\t\t\t\t\t<h2 class=\"elementor-heading-title elementor-size-default\">experts chapistes &amp; sp\u00e9cialistes en isolation et pompes \u00e0 chaleur \u00e0 Tours <\/h2>\t\t\t\t<\/div>\n\t\t\t\t<div class=\"elementor-element elementor-element-904772b elementor-widget elementor-widget-text-editor\" data-id=\"904772b\" data-element_type=\"widget\" data-widget_type=\"text-editor.default\">\n\t\t\t\t\t\t\t\t\t<p class=\"isSelectedEnd\">Notre site se refait une beaut\u00e9, mais notre \u00e9quipe, elle, est pleinement disponible pour vous accompagner.<\/p><p class=\"isSelectedEnd\">Experts des <strong>chapes fluides<\/strong>, <strong>chapes traditionnelles<\/strong> et de l\u2019<strong>isolation des sols<\/strong>, nous mettons notre savoir-faire au service de vos projets, du neuf \u00e0 la r\u00e9novation.<br \/>Qualit\u00e9, r\u00e9activit\u00e9 et finitions impeccables : c\u2019est notre engagement \u00e0 chaque intervention.<\/p><p class=\"isSelectedEnd\"><strong>Un projet ? Une question ?<\/strong><br \/>Contactez-nous d\u00e8s maintenant : nous vous conseillons et r\u00e9alisons votre devis rapidement.<\/p><p>Merci de votre visite, et \u00e0 tr\u00e8s bient\u00f4t sur soluchape.fr !<\/p>\t\t\t\t\t\t\t\t<\/div>\n\t\t\t\t<\/div>\n\t\t\t\t\t<\/div>\n\t\t\t\t<\/div>\n\t\t<div class=\"elementor-element elementor-element-32469c1b e-flex e-con-boxed e-con e-parent\" data-id=\"32469c1b\" data-element_type=\"container\">\n\t\t\t\t\t<div class=\"e-con-inner\">\n\t\t<div class=\"elementor-element elementor-element-42687c0c e-con-full e-flex e-con e-child\" data-id=\"42687c0c\" data-element_type=\"container\">\n\t\t\t\t<div class=\"elementor-element elementor-element-277d2bc dekoline elementor-widget elementor-widget-heading\" data-id=\"277d2bc\" data-element_type=\"widget\" data-widget_type=\"heading.default\">\n\t\t\t\t\t<h4 class=\"elementor-heading-title elementor-size-default\">\nTours, Poitiers, Orl\u00e9ans, Le Mans\u2026\u202f: nous intervenons dans un rayon de 100\u202fkm\n<\/h4>\t\t\t\t<\/div>\n\t\t\t\t<div class=\"elementor-element elementor-element-67c714a5 elementor-widget elementor-widget-heading\" data-id=\"67c714a5\" data-element_type=\"widget\" data-widget_type=\"heading.default\">\n\t\t\t\t\t<h2 class=\"elementor-heading-title elementor-size-default\">Votre projet...<\/h2>\t\t\t\t<\/div>\n\t\t\t\t<div class=\"elementor-element elementor-element-dc27f30 elementor-widget elementor-widget-text-editor\" data-id=\"dc27f30\" data-element_type=\"widget\" data-widget_type=\"text-editor.default\">\n\t\t\t\t\t\t\t\t\t<p>Notre \u00e9quipe se d\u00e9place dans un rayon de plus de 100\u202fkm autour de Tours. En fonction des chantiers, nous pouvons aller plus loin, m\u00eame jusqu\u2019en r\u00e9gion parisienne.<\/p><p>La taille et la dur\u00e9e des travaux d\u00e9terminent si nous intervenons au-del\u00e0 de notre rayon habituel.<\/p><p><span class=\"\">Contactez-nous d\u00e8s aujourd\u2019hui pour nous faire part de votre projet et <\/span>obtenir votre devis gratuit.<\/p>\t\t\t\t\t\t\t\t<\/div>\n\t\t\t\t<div class=\"elementor-element elementor-element-173e8fff elementor-widget elementor-widget-text-editor\" data-id=\"173e8fff\" data-element_type=\"widget\" data-widget_type=\"text-editor.default\">\n\t\t\t\t\t\t\t\t\t<p class=\"text-align-left\">Avec plus de dix ans d\u2019exp\u00e9rience comme chapistes et quinze ans d&#8217;expertise en isolation et en chauffage, Soluchape est l\u2019entreprise qu\u2019il vous faut pour vos travaux de second \u0153uvre.<\/p><p class=\"text-align-left\"><span class=\"\">Am\u00e9liorez votre confort et faites-vous accompagner par des professionnels <\/span>certifi\u00e9s RGE QUALIBAT et QualiPAC\u202f! Nous sommes \u00e0 votre service pour vous offrir des conseils personnalis\u00e9s.\u00a0<\/p>\t\t\t\t\t\t\t\t<\/div>\n\t\t\t\t<div class=\"elementor-element elementor-element-2df6e71 elementor-icon-list--layout-traditional elementor-list-item-link-full_width elementor-widget elementor-widget-icon-list\" data-id=\"2df6e71\" data-element_type=\"widget\" data-widget_type=\"icon-list.default\">\n\t\t\t\t\t\t\t<ul class=\"elementor-icon-list-items\">\n\t\t\t\t\t\t\t<li class=\"elementor-icon-list-item\">\n\t\t\t\t\t\t\t\t\t\t\t<span class=\"elementor-icon-list-icon\">\n\t\t\t\t\t\t\t<svg aria-hidden=\"true\" class=\"e-font-icon-svg e-fas-phone-alt\" viewBox=\"0 0 512 512\" xmlns=\"http:\/\/www.w3.org\/2000\/svg\"><path d=\"M497.39 361.8l-112-48a24 24 0 0 0-28 6.9l-49.6 60.6A370.66 370.66 0 0 1 130.6 204.11l60.6-49.6a23.94 23.94 0 0 0 6.9-28l-48-112A24.16 24.16 0 0 0 122.6.61l-104 24A24 24 0 0 0 0 48c0 256.5 207.9 464 464 464a24 24 0 0 0 23.4-18.6l24-104a24.29 24.29 0 0 0-14.01-27.6z\"><\/path><\/svg>\t\t\t\t\t\t<\/span>\n\t\t\t\t\t\t\t\t\t\t<span class=\"elementor-icon-list-text\">06 31 18 21 66<\/span>\n\t\t\t\t\t\t\t\t\t<\/li>\n\t\t\t\t\t\t\t\t<li class=\"elementor-icon-list-item\">\n\t\t\t\t\t\t\t\t\t\t\t<span class=\"elementor-icon-list-icon\">\n\t\t\t\t\t\t\t<svg aria-hidden=\"true\" class=\"e-font-icon-svg e-far-envelope\" viewBox=\"0 0 512 512\" xmlns=\"http:\/\/www.w3.org\/2000\/svg\"><path d=\"M464 64H48C21.49 64 0 85.49 0 112v288c0 26.51 21.49 48 48 48h416c26.51 0 48-21.49 48-48V112c0-26.51-21.49-48-48-48zm0 48v40.805c-22.422 18.259-58.168 46.651-134.587 106.49-16.841 13.247-50.201 45.072-73.413 44.701-23.208.375-56.579-31.459-73.413-44.701C106.18 199.465 70.425 171.067 48 152.805V112h416zM48 400V214.398c22.914 18.251 55.409 43.862 104.938 82.646 21.857 17.205 60.134 55.186 103.062 54.955 42.717.231 80.509-37.199 103.053-54.947 49.528-38.783 82.032-64.401 104.947-82.653V400H48z\"><\/path><\/svg>\t\t\t\t\t\t<\/span>\n\t\t\t\t\t\t\t\t\t\t<span class=\"elementor-icon-list-text\">contact@soluchape.fr<\/span>\n\t\t\t\t\t\t\t\t\t<\/li>\n\t\t\t\t\t\t\t\t<li class=\"elementor-icon-list-item\">\n\t\t\t\t\t\t\t\t\t\t\t<span class=\"elementor-icon-list-icon\">\n\t\t\t\t\t\t\t<svg aria-hidden=\"true\" class=\"e-font-icon-svg e-fas-map-marker-alt\" viewBox=\"0 0 384 512\" xmlns=\"http:\/\/www.w3.org\/2000\/svg\"><path d=\"M172.268 501.67C26.97 291.031 0 269.413 0 192 0 85.961 85.961 0 192 0s192 85.961 192 192c0 77.413-26.97 99.031-172.268 309.67-9.535 13.774-29.93 13.773-39.464 0zM192 272c44.183 0 80-35.817 80-80s-35.817-80-80-80-80 35.817-80 80 35.817 80 80 80z\"><\/path><\/svg>\t\t\t\t\t\t<\/span>\n\t\t\t\t\t\t\t\t\t\t<span class=\"elementor-icon-list-text\">15 rue Couvrat-Desvergnes 37000 Tours<\/span>\n\t\t\t\t\t\t\t\t\t<\/li>\n\t\t\t\t\t\t<\/ul>\n\t\t\t\t\t\t<\/div>\n\t\t\t\t<\/div>\n\t\t<div class=\"elementor-element elementor-element-15f7c11f e-con-full elementor-hidden-tablet elementor-hidden-mobile e-flex e-con e-child\" data-id=\"15f7c11f\" data-element_type=\"container\">\n\t\t\t\t<\/div>\n\t\t<div class=\"elementor-element elementor-element-3e46fb31 e-con-full e-flex e-con e-child\" data-id=\"3e46fb31\" data-element_type=\"container\">\n\t\t\t\t<div class=\"elementor-element elementor-element-53703bd5 elementor-widget elementor-widget-image\" data-id=\"53703bd5\" data-element_type=\"widget\" data-widget_type=\"image.default\">\n\t\t\t\t\t\t\t\t\t\t\t\t\t\t\t<img loading=\"lazy\" decoding=\"async\" width=\"750\" height=\"346\" src=\"http:\/\/www.soluchape.fr\/wp-content\/uploads\/2025\/11\/IMG_20220630_083109-1393w-1024x473.jpg\" class=\"attachment-large size-large wp-image-9166\" alt=\"\" srcset=\"http:\/\/www.soluchape.fr\/wp-content\/uploads\/2025\/11\/IMG_20220630_083109-1393w-1024x473.jpg 1024w, http:\/\/www.soluchape.fr\/wp-content\/uploads\/2025\/11\/IMG_20220630_083109-1393w-300x139.jpg 300w, http:\/\/www.soluchape.fr\/wp-content\/uploads\/2025\/11\/IMG_20220630_083109-1393w-768x355.jpg 768w, http:\/\/www.soluchape.fr\/wp-content\/uploads\/2025\/11\/IMG_20220630_083109-1393w.jpg 1390w\" sizes=\"(max-width: 750px) 100vw, 750px\" \/>\t\t\t\t\t\t\t\t\t\t\t\t\t\t\t<\/div>\n\t\t\t\t<\/div>\n\t\t\t\t\t<\/div>\n\t\t\t\t<\/div>\n\t\t<div class=\"elementor-element elementor-element-d28f146 e-con-full e-flex e-con e-parent\" data-id=\"d28f146\" data-element_type=\"container\">\n\t\t<div class=\"elementor-element elementor-element-456b972 e-con-full e-flex e-con e-child\" data-id=\"456b972\" data-element_type=\"container\">\n\t\t\t\t<div class=\"elementor-element elementor-element-f14b3e9 elementor-position-left elementor-vertical-align-top elementor-widget elementor-widget-image-box\" data-id=\"f14b3e9\" data-element_type=\"widget\" data-widget_type=\"image-box.default\">\n\t\t\t\t\t<div class=\"elementor-image-box-wrapper\"><figure class=\"elementor-image-box-img\"><img loading=\"lazy\" decoding=\"async\" width=\"200\" height=\"200\" src=\"http:\/\/www.soluchape.fr\/wp-content\/uploads\/2025\/11\/icone_pac_transparent.png\" class=\"attachment-full size-full wp-image-9223\" alt=\"\" srcset=\"https:\/\/www.soluchape.fr\/wp-content\/uploads\/2025\/11\/icone_pac_transparent.png 200w, https:\/\/www.soluchape.fr\/wp-content\/uploads\/2025\/11\/icone_pac_transparent-150x150.png 150w\" sizes=\"(max-width: 200px) 100vw, 200px\" \/><\/figure><div class=\"elementor-image-box-content\"><h3 class=\"elementor-image-box-title\">Pompes \u00e0 chaleur<\/h3><p class=\"elementor-image-box-description\">Pac Air-eau<br \/>\nPac air-air<br \/>\nSyst\u00e8me de chauffage<\/p><\/div><\/div>\t\t\t\t<\/div>\n\t\t<div class=\"elementor-element elementor-element-a6dda1c e-con-full e-flex e-con e-child\" data-id=\"a6dda1c\" data-element_type=\"container\" data-settings=\"{&quot;background_background&quot;:&quot;classic&quot;}\">\n\t\t\t\t<div class=\"elementor-element elementor-element-20b1fa6 elementor-widget elementor-widget-heading\" data-id=\"20b1fa6\" data-element_type=\"widget\" data-widget_type=\"heading.default\">\n\t\t\t\t\t<h2 class=\"elementor-heading-title elementor-size-default\">Vous souhaitez installer une pompe \u00e0 chaleur ? Demandez-nous conseil<\/h2>\t\t\t\t<\/div>\n\t\t\t\t<div class=\"elementor-element elementor-element-b042ca9 elementor-widget elementor-widget-text-editor\" data-id=\"b042ca9\" data-element_type=\"widget\" data-widget_type=\"text-editor.default\">\n\t\t\t\t\t\t\t\t\t<div id=\"63511b69eff89e5a724b73cd\" class=\"flex-element widget-wrapper\" data-auto=\"flex-element-widget-wrapper\" data-widget-type=\"paragraph\" data-external-id=\"1407830282\"><div id=\"1407830282\" class=\"dmNewParagraph\" data-element-type=\"paragraph\" data-version=\"5\"><p><span class=\"\">Chauffage et climatisation, ou chauffage et eau chaude\u202f? En fonction de votre besoin, faites le choix d\u2019une <\/span>pompe \u00e0 chaleur<span class=\"\"> air\/air ou air\/eau<\/span>. Nous vous orientons dans votre choix en prodiguant des conseils avis\u00e9s.<\/p><p>Pour un syst\u00e8me de chauffage au sol, c\u2019est la PAC air\/eau qu\u2019il faut installer. En revanche, pour un syst\u00e8me r\u00e9versible \u00e9t\u00e9\/hiver, c\u2019est la PAC air\/air.<\/p><p>Nos techniciens mettent en place vos solutions de chauffage et le r\u00e9seau qui en d\u00e9coule\u202f: radiateurs, plancher chauffant, unit\u00e9s ext\u00e9rieures, ventilo-convecteurs\u2026<\/p><\/div><\/div>\t\t\t\t\t\t\t\t<\/div>\n\t\t\t\t<\/div>\n\t\t\t\t<\/div>\n\t\t<div class=\"elementor-element elementor-element-e24b03b e-con-full e-flex e-con e-child\" data-id=\"e24b03b\" data-element_type=\"container\">\n\t\t\t\t<div class=\"elementor-element elementor-element-ae1a874 elementor-position-left elementor-vertical-align-top elementor-widget elementor-widget-image-box\" data-id=\"ae1a874\" data-element_type=\"widget\" data-widget_type=\"image-box.default\">\n\t\t\t\t\t<div class=\"elementor-image-box-wrapper\"><figure class=\"elementor-image-box-img\"><img loading=\"lazy\" decoding=\"async\" width=\"200\" height=\"200\" src=\"http:\/\/www.soluchape.fr\/wp-content\/uploads\/2025\/11\/icone_isolation_transparent.png\" class=\"attachment-full size-full wp-image-9222\" alt=\"\" srcset=\"https:\/\/www.soluchape.fr\/wp-content\/uploads\/2025\/11\/icone_isolation_transparent.png 200w, https:\/\/www.soluchape.fr\/wp-content\/uploads\/2025\/11\/icone_isolation_transparent-150x150.png 150w\" sizes=\"(max-width: 200px) 100vw, 200px\" \/><\/figure><div class=\"elementor-image-box-content\"><h3 class=\"elementor-image-box-title\">Isolation<\/h3><p class=\"elementor-image-box-description\"><br \/><br \/>mousse en polyurethane<br \/>\nplaque en polystyrene<br \/>\nsous couche acoustique<\/p><\/div><\/div>\t\t\t\t<\/div>\n\t\t<div class=\"elementor-element elementor-element-7069f91 e-con-full e-flex e-con e-child\" data-id=\"7069f91\" data-element_type=\"container\" data-settings=\"{&quot;background_background&quot;:&quot;classic&quot;}\">\n\t\t\t\t<div class=\"elementor-element elementor-element-055009a elementor-widget elementor-widget-heading\" data-id=\"055009a\" data-element_type=\"widget\" data-widget_type=\"heading.default\">\n\t\t\t\t\t<h2 class=\"elementor-heading-title elementor-size-default\">\nNous sommes les experts de l\u2019isolation par mousse en polyur\u00e9thane projet\u00e9e\n<\/h2>\t\t\t\t<\/div>\n\t\t\t\t<div class=\"elementor-element elementor-element-92e6b30 elementor-widget elementor-widget-text-editor\" data-id=\"92e6b30\" data-element_type=\"widget\" data-widget_type=\"text-editor.default\">\n\t\t\t\t\t\t\t\t\t<p>Optimiser l\u2019isolation<span class=\"\"> de son logement ou de son b\u00e2timent, c\u2019est am\u00e9liorer le confort et la consommation \u00e9nerg\u00e9tique. Il existe de nombreuses m\u00e9thodes d\u2019isolation et il peut \u00eatre difficile d\u2019y voir clair.<\/span><\/p><p><span class=\"\">Chez Soluchape, nous sommes les sp\u00e9cialistes de l\u2019isolation par <\/span>projection de mousse de polyur\u00e9thane,<span class=\"\"> qui s\u2019adapte \u00e0 toutes les surfaces int\u00e9rieures. Nous utilisons aussi les plaques de polystyr\u00e8ne et posons des sous-couches acoustiques.<\/span><\/p><p>Consultez-nous pour conna\u00eetre la solution la mieux adapt\u00e9e \u00e0 votre besoin et \u00e0 votre budget.<\/p>\t\t\t\t\t\t\t\t<\/div>\n\t\t\t\t<\/div>\n\t\t\t\t<\/div>\n\t\t<div class=\"elementor-element elementor-element-ee52873 e-con-full e-flex e-con e-child\" data-id=\"ee52873\" data-element_type=\"container\">\n\t\t\t\t<div class=\"elementor-element elementor-element-31fa96d elementor-position-left elementor-vertical-align-top elementor-widget elementor-widget-image-box\" data-id=\"31fa96d\" data-element_type=\"widget\" data-widget_type=\"image-box.default\">\n\t\t\t\t\t<div class=\"elementor-image-box-wrapper\"><figure class=\"elementor-image-box-img\"><img loading=\"lazy\" decoding=\"async\" width=\"200\" height=\"200\" src=\"http:\/\/www.soluchape.fr\/wp-content\/uploads\/2025\/11\/icone_chapes_transparent.png\" class=\"attachment-full size-full wp-image-9221\" alt=\"\" srcset=\"https:\/\/www.soluchape.fr\/wp-content\/uploads\/2025\/11\/icone_chapes_transparent.png 200w, https:\/\/www.soluchape.fr\/wp-content\/uploads\/2025\/11\/icone_chapes_transparent-150x150.png 150w\" sizes=\"(max-width: 200px) 100vw, 200px\" \/><\/figure><div class=\"elementor-image-box-content\"><h3 class=\"elementor-image-box-title\">CHAPES<\/h3><p class=\"elementor-image-box-description\"><br \/><br \/>chape liquide anhydrite<br \/>\nchape liquide ciment<br \/><br \/><\/p><\/div><\/div>\t\t\t\t<\/div>\n\t\t<div class=\"elementor-element elementor-element-c3a9971 e-con-full e-flex e-con e-child\" data-id=\"c3a9971\" data-element_type=\"container\" data-settings=\"{&quot;background_background&quot;:&quot;classic&quot;}\">\n\t\t\t\t<div class=\"elementor-element elementor-element-795cd38 elementor-widget elementor-widget-heading\" data-id=\"795cd38\" data-element_type=\"widget\" data-widget_type=\"heading.default\">\n\t\t\t\t\t<h2 class=\"elementor-heading-title elementor-size-default\">\nFaites appel aux professionnels de la chape ciment ou anhydrite \n<\/h2>\t\t\t\t<\/div>\n\t\t\t\t<div class=\"elementor-element elementor-element-5457168 elementor-widget elementor-widget-text-editor\" data-id=\"5457168\" data-element_type=\"widget\" data-widget_type=\"text-editor.default\">\n\t\t\t\t\t\t\t\t\t<p><span class=\"\">Dans le cadre de travaux de second \u0153uvre, faites couler une <\/span>chape liquide<span class=\"\"> ou fluide pour :<\/span><\/p><ul class=\"defaultList\"><li>mettre \u00e0 niveau les sols ;<\/li><li>am\u00e9liorer l\u2019isolation ;<\/li><li>enrober un plancher chauffant ;<\/li><li>recouvrir un ravoirage.<\/li><\/ul><p><span class=\"\">\u00c0 base de ciment ou d\u2019anhydrite, cette chape est adapt\u00e9e aux travaux <\/span>en neuf ou en r\u00e9novation<span class=\"\"> \u00e0 l\u2019int\u00e9rieur du b\u00e2timent. Elle se coule sur une structure portante telle qu\u2019une dalle en b\u00e9ton, un dallage en terre-plein, un support en bois\u2026<\/span><\/p>\t\t\t\t\t\t\t\t<\/div>\n\t\t\t\t<\/div>\n\t\t\t\t<\/div>\n\t\t\t\t<\/div>\n\t\t\t\t<\/div>\n\t\t","protected":false},"excerpt":{"rendered":"<p>experts chapistes &amp; sp\u00e9cialistes en isolation et pompes \u00e0 chaleur \u00e0 Tours Notre site se refait une beaut\u00e9, mais notre \u00e9quipe, elle, est pleinement disponible pour vous accompagner. Experts des chapes fluides, chapes traditionnelles et de l\u2019isolation des sols, nous mettons notre savoir-faire au service de vos projets, du neuf \u00e0 la r\u00e9novation.Qualit\u00e9, r\u00e9activit\u00e9 et &hellip;<\/p>\n","protected":false},"author":1,"featured_media":0,"parent":0,"menu_order":0,"comment_status":"closed","ping_status":"closed","template":"elementor_header_footer","meta":{"_monsterinsights_skip_tracking":false,"_monsterinsights_sitenote_active":false,"_monsterinsights_sitenote_note":"","_monsterinsights_sitenote_category":0,"footnotes":""},"class_list":["post-8538","page","type-page","status-publish","hentry"],"aioseo_notices":[],"_links":{"self":[{"href":"https:\/\/www.soluchape.fr\/index.php\/wp-json\/wp\/v2\/pages\/8538","targetHints":{"allow":["GET"]}}],"collection":[{"href":"https:\/\/www.soluchape.fr\/index.php\/wp-json\/wp\/v2\/pages"}],"about":[{"href":"https:\/\/www.soluchape.fr\/index.php\/wp-json\/wp\/v2\/types\/page"}],"author":[{"embeddable":true,"href":"https:\/\/www.soluchape.fr\/index.php\/wp-json\/wp\/v2\/users\/1"}],"replies":[{"embeddable":true,"href":"https:\/\/www.soluchape.fr\/index.php\/wp-json\/wp\/v2\/comments?post=8538"}],"version-history":[{"count":73,"href":"https:\/\/www.soluchape.fr\/index.php\/wp-json\/wp\/v2\/pages\/8538\/revisions"}],"predecessor-version":[{"id":9298,"href":"https:\/\/www.soluchape.fr\/index.php\/wp-json\/wp\/v2\/pages\/8538\/revisions\/9298"}],"wp:attachment":[{"href":"https:\/\/www.soluchape.fr\/index.php\/wp-json\/wp\/v2\/media?parent=8538"}],"curies":[{"name":"wp","href":"https:\/\/api.w.org\/{rel}","templated":true}]}}